{"id":727,"date":"2016-05-11T05:43:35","date_gmt":"2016-05-11T05:43:35","guid":{"rendered":"http:\/\/basketball.stylemixthemes.com\/?page_id=727"},"modified":"2018-09-19T08:42:07","modified_gmt":"2018-09-19T08:42:07","slug":"trophy-room","status":"publish","type":"page","link":"https:\/\/kosar.radobasket.hu\/index.php\/trophy-room\/","title":{"rendered":"Tr\u00f3fe\u00e1k"},"content":{"rendered":"<div class=\"wpb-content-wrapper\"><p>[vc_row full_width=&#8221;stretch_row&#8221; css=&#8221;.vc_custom_1506607028166{background-color: #f0f0f0 !important;}&#8221;][vc_column][stm_team_history feature=&#8221;%5B%7B%22year%22%3A%222016%2F17%22%2C%22title%22%3A%22Rado%20KSE%22%2C%22content%22%3A%22Kadett%201%20hely%20%20%2F%20%20Junior%202.%20hely%20%20%2F%20%20Serd%C3%BCl%C5%91%202.%20hely%22%7D%2C%7B%22year%22%3A%222015%2F16%22%2C%22title%22%3A%22Rado%20KSE%22%2C%22content%22%3A%22Junior%202.%20hely%20%20%2F%20%20Kadett%202.%20hely%20%20%2F%20%20Serd%C3%BCl%C5%91%202.%20hely%20%20%22%7D%2C%7B%22year%22%3A%222014%2F15%22%2C%22title%22%3A%22Rado%20KSE%22%2C%22content%22%3A%22Junior%203.%20hely%20%20%2F%20%20Kadett%202.%20hely%20%20%2F%20%20Serd%C3%BCl%C5%91%201%20hely%20%20%2F%20%20Tini%202.%20hely%22%7D%2C%7B%22year%22%3A%222013%2F14%22%2C%22title%22%3A%22Rado%20KSE%22%2C%22content%22%3A%22Junior%201.%20hely%20%20%2F%20%20Kadett%201.%20hely%20%20%2F%20%20Serd%C3%BCl%C5%91%201.%20hely%20%20%2F%20%20Tini%202.%20hely%5Cn%22%7D%2C%7B%22year%22%3A%222012%2F13%22%2C%22title%22%3A%22Rado%20KSE%22%2C%22content%22%3A%22Junior%201.%20hely%20%20%2F%20%20Kadett%204.%20hely%20%20%2F%20%20Serd%C3%BCl%C5%91%201.%20hely%20%20%2F%20%20Tini%205.%20hely%5Cn%22%7D%2C%7B%22year%22%3A%222011%2F12%22%2C%22title%22%3A%22Rado%20KSE%22%2C%22content%22%3A%22Junior%204.%20hely%20%20%2F%20%20Kadett%201.%20hely%20%20%2F%20%20Serd%C3%BCl%C5%91%201.%20hely%5Cn%22%7D%2C%7B%22year%22%3A%222010%2F11%22%2C%22title%22%3A%22Rado%20KSE%22%2C%22content%22%3A%22Junior%205.%20hely%20%20%2F%20%20Kadett%201.%20hely%20%20%2F%20%20Serd%C3%BCl%C5%91%202.%20hely%5Cn%22%7D%5D&#8221;][vc_empty_space][\/vc_column][\/vc_row][vc_row css=&#8221;.vc_custom_1506607064558{margin-top: -60px !important;margin-bottom: 40px !important;}&#8221;][vc_column][vc_column_text css=&#8221;.vc_custom_1537346454375{margin-bottom: 40px !important;}&#8221;]<\/p>\n<h3>MOTIV\u00c1CI\u00d3<\/h3>\n<p>[\/vc_column_text][vc_video link=&#8221;https:\/\/www.youtube.com\/embed\/4j27Vl-gITA&#8221; align=&#8221;center&#8221;][\/vc_column][\/vc_row][vc_row full_width=&#8221;stretch_row&#8221; css=&#8221;.vc_custom_1462188948406{margin-bottom: 0px !important;padding-top: 53px !important;padding-bottom: 47px !important;background-color: #000000 !important;}&#8221;][vc_column css=&#8221;.vc_custom_1461760085996{padding-top: 0px !important;}&#8221;][vc_column_text css=&#8221;.vc_custom_1503931834773{margin-bottom: 0px !important;}&#8221;]<\/p>\n<h3 style=\"text-align: center; letter-spacing: 2px;\"><span style=\"color: #ffffff;\">K\u00e9sz\u00fclj vel\u00fcnk,<\/span>\u00a0<span class=\"stm-red\">legy\u00e9l te is gy\u0151ztes!<\/span><\/h3>\n<p>[\/vc_column_text][\/vc_column][\/vc_row]<\/p>\n<\/div>","protected":false},"excerpt":{"rendered":"<p>[vc_row full_width=&#8221;stretch_row&#8221; css=&#8221;.vc_custom_1506607028166{background-color: #f0f0f0 !important;}&#8221;][vc_column][stm_team_history feature=&#8221;%5B%7B%22year%22%3A%222016%2F17%22%2C%22title%22%3A%22Rado%20KSE%22%2C%22content%22%3A%22Kadett%201%20hely%20%20%2F%20%20Junior%202.%20hely%20%20%2F%20%20Serd%C3%BCl%C5%91%202.%20hely%22%7D%2C%7B%22year%22%3A%222015%2F16%22%2C%22title%22%3A%22Rado%20KSE%22%2C%22content%22%3A%22Junior%202.%20hely%20%20%2F%20%20Kadett%202.%20hely%20%20%2F%20%20Serd%C3%BCl%C5%91%202.%20hely%20%20%22%7D%2C%7B%22year%22%3A%222014%2F15%22%2C%22title%22%3A%22Rado%20KSE%22%2C%22content%22%3A%22Junior%203.%20hely%20%20%2F%20%20Kadett%202.%20hely%20%20%2F%20%20Serd%C3%BCl%C5%91%201%20hely%20%20%2F%20%20Tini%202.%20hely%22%7D%2C%7B%22year%22%3A%222013%2F14%22%2C%22title%22%3A%22Rado%20KSE%22%2C%22content%22%3A%22Junior%201.%20hely%20%20%2F%20%20Kadett%201.%20hely%20%20%2F%20%20Serd%C3%BCl%C5%91%201.%20hely%20%20%2F%20%20Tini%202.%20hely%5Cn%22%7D%2C%7B%22year%22%3A%222012%2F13%22%2C%22title%22%3A%22Rado%20KSE%22%2C%22content%22%3A%22Junior%201.%20hely%20%20%2F%20%20Kadett%204.%20hely%20%20%2F%20%20Serd%C3%BCl%C5%91%201.%20hely%20%20%2F%20%20Tini%205.%20hely%5Cn%22%7D%2C%7B%22year%22%3A%222011%2F12%22%2C%22title%22%3A%22Rado%20KSE%22%2C%22content%22%3A%22Junior%204.%20hely%20%20%2F%20%20Kadett%201.%20hely%20%20%2F%20%20Serd%C3%BCl%C5%91%201.%20hely%5Cn%22%7D%2C%7B%22year%22%3A%222010%2F11%22%2C%22title%22%3A%22Rado%20KSE%22%2C%22content%22%3A%22Junior%205.%20hely%20%20%2F%20%20Kadett%201.%20hely%20%20%2F%20%20Serd%C3%BCl%C5%91%202.%20hely%5Cn%22%7D%5D&#8221;][vc_empty_space][\/vc_column][\/vc_row][vc_row css=&#8221;.vc_custom_1506607064558{margin-top: -60px !important;margin-bottom: 40px !important;}&#8221;][vc_column][vc_column_text css=&#8221;.vc_custom_1537346454375{margin-bottom: 40px !important;}&#8221;] MOTIV\u00c1CI\u00d3 [\/vc_column_text][vc_video link=&#8221;https:\/\/www.youtube.com\/embed\/4j27Vl-gITA&#8221; align=&#8221;center&#8221;][\/vc_column][\/vc_row][vc_row full_width=&#8221;stretch_row&#8221; css=&#8221;.vc_custom_1462188948406{margin-bottom: 0px !important;padding-top: 53px !important;padding-bottom: 47px !important;background-color: #000000 !important;}&#8221;][vc_column css=&#8221;.vc_custom_1461760085996{padding-top: 0px !important;}&#8221;][vc_column_text css=&#8221;.vc_custom_1503931834773{margin-bottom: 0px !important;}&#8221;] K\u00e9sz\u00fclj vel\u00fcnk,\u00a0legy\u00e9l te is gy\u0151ztes! [\/vc_column_text][\/vc_column][\/vc_row]<\/p>\n","protected":false},"author":1,"featured_media":0,"parent":0,"menu_order":0,"comment_status":"closed","ping_status":"closed","template":"","meta":{"footnotes":""},"class_list":["post-727","page","type-page","status-publish","hentry"],"_links":{"self":[{"href":"https:\/\/kosar.radobasket.hu\/index.php\/wp-json\/wp\/v2\/pages\/727","targetHints":{"allow":["GET"]}}],"collection":[{"href":"https:\/\/kosar.radobasket.hu\/index.php\/wp-json\/wp\/v2\/pages"}],"about":[{"href":"https:\/\/kosar.radobasket.hu\/index.php\/wp-json\/wp\/v2\/types\/page"}],"author":[{"embeddable":true,"href":"https:\/\/kosar.radobasket.hu\/index.php\/wp-json\/wp\/v2\/users\/1"}],"replies":[{"embeddable":true,"href":"https:\/\/kosar.radobasket.hu\/index.php\/wp-json\/wp\/v2\/comments?post=727"}],"version-history":[{"count":37,"href":"https:\/\/kosar.radobasket.hu\/index.php\/wp-json\/wp\/v2\/pages\/727\/revisions"}],"predecessor-version":[{"id":739,"href":"https:\/\/kosar.radobasket.hu\/index.php\/wp-json\/wp\/v2\/pages\/727\/revisions\/739"}],"wp:attachment":[{"href":"https:\/\/kosar.radobasket.hu\/index.php\/wp-json\/wp\/v2\/media?parent=727"}],"curies":[{"name":"wp","href":"https:\/\/api.w.org\/{rel}","templated":true}]}}